{"id":66,"date":"2018-05-12T14:43:41","date_gmt":"2018-05-12T14:43:41","guid":{"rendered":"http:\/\/www.naturalderma.com.br\/?page_id=66"},"modified":"2018-06-05T19:57:56","modified_gmt":"2018-06-05T19:57:56","slug":"manipulacao","status":"publish","type":"page","link":"https:\/\/www.naturalderma.com.br\/index.php\/manipulacao\/","title":{"rendered":"Manipula\u00e7\u00e3o"},"content":{"rendered":"<p class=\"intitucional-text\"><b><a href=\"http:\/\/www.naturalderma.com.br\/index.php\/atendimento\/\"><img loading=\"lazy\" decoding=\"async\" class=\"alignnone wp-image-126 size-medium\" src=\"http:\/\/www.naturalderma.com.br\/wp-content\/uploads\/b-300x192.jpg\" alt=\"\" width=\"300\" height=\"192\" srcset=\"https:\/\/www.naturalderma.com.br\/wp-content\/uploads\/b-300x192.jpg 300w, https:\/\/www.naturalderma.com.br\/wp-content\/uploads\/b-768x490.jpg 768w, https:\/\/www.naturalderma.com.br\/wp-content\/uploads\/b-1024x654.jpg 1024w, https:\/\/www.naturalderma.com.br\/wp-content\/uploads\/b.jpg 1236w\" sizes=\"auto, (max-width: 300px) 100vw, 300px\" \/><\/a><\/b><\/p>\n<p class=\"intitucional-text\"><b>Vantagens de Produtos Manipulados<\/b><\/p>\n<p class=\"intitucional-text\">As principais vantagens dos medicamentos manipulados podem ser relacionadas quanto \u00e0:<\/p>\n<p class=\"intitucional-text\"><b>1. Economia<\/b>\u00a0&#8211; O produto manipulado \u00e9 prescrito pelo m\u00e9dico e\/ou dentista na quantidade e dosagem exatas para o tratamento do paciente, portanto, n\u00e3o gerando sobras.<\/p>\n<p class=\"intitucional-text\"><b>2. Seguran\u00e7a\u00a0<\/b>&#8211; A Farm\u00e1cia deve seguir as normas de boas pr\u00e1ticas de manipula\u00e7\u00e3o determinada pelo Minist\u00e9rio da Sa\u00fade. A qualidade das mat\u00e9rias-primas utilizadas e o processo de manipula\u00e7\u00e3o s\u00e3o rigorosamente controlados.<\/p>\n<p class=\"intitucional-text\"><b>3. Associa\u00e7\u00e3o de medicamentos<\/b>\u00a0&#8211; H\u00e1 doen\u00e7as que necessitam serem tratadas com v\u00e1rios medicamentos ao mesmo tempo. Quando isto ocorre, para facilitar o tratamento, o m\u00e9dico e\/ou dentista podem prescrever, desde que n\u00e3o haja incompatibilidade entre os princ\u00edpios ativos, f\u00f3rmula manipulada que possibilite a associa\u00e7\u00e3o de todas as subst\u00e2ncias qu\u00edmicas, em um \u00fanico produto.<\/p>\n<p class=\"intitucional-text\"><b>4. Dose certa para a pessoa certa\u00a0<\/b>&#8211; Somente na f\u00f3rmula manipulada \u00e9 poss\u00edvel prescrever doses diferenciadas que atendem \u00e0s necessidades de cada paciente individualmente.<\/p>\n<p class=\"intitucional-text\"><b>5. R\u00f3tulo personalizado<\/b>\u00a0&#8211; Os dados do paciente constam no r\u00f3tulo do medicamento que foi prescrito para o mesmo, evitando riscos, como o de troca ou de consumo indevido por outras pessoas.<\/p>\n<p class=\"intitucional-text\"><b>6. Relacionamento &#8220;farmac\u00eautico x m\u00e9dico\u201d<\/b>\u00a0&#8211; Sempre que necess\u00e1rio, o farmac\u00eautico contata o m\u00e9dico que prescreve o medicamento para esclarecer todas as d\u00favidas e garantir a sua sa\u00fade, facilitando o entendimento da posologia utilizada.<\/p>\n<p class=\"intitucional-text\">\n","protected":false},"excerpt":{"rendered":"<p>Vantagens de Produtos Manipulados As principais vantagens dos medicamentos manipulados podem ser relacionadas quanto \u00e0: 1. Economia\u00a0&#8211; O produto manipulado \u00e9 prescrito pelo m\u00e9dico e\/ou dentista na quantidade e dosagem exatas para o tratamento do paciente, portanto, n\u00e3o gerando sobras. 2. Seguran\u00e7a\u00a0&#8211; A Farm\u00e1cia deve seguir as normas de boas pr\u00e1ticas de manipula\u00e7\u00e3o determinada pelo [&hellip;]<\/p>\n","protected":false},"author":1,"featured_media":0,"parent":0,"menu_order":0,"comment_status":"closed","ping_status":"closed","template":"","meta":{"footnotes":""},"class_list":["post-66","page","type-page","status-publish","hentry"],"_links":{"self":[{"href":"https:\/\/www.naturalderma.com.br\/index.php\/wp-json\/wp\/v2\/pages\/66","targetHints":{"allow":["GET"]}}],"collection":[{"href":"https:\/\/www.naturalderma.com.br\/index.php\/wp-json\/wp\/v2\/pages"}],"about":[{"href":"https:\/\/www.naturalderma.com.br\/index.php\/wp-json\/wp\/v2\/types\/page"}],"author":[{"embeddable":true,"href":"https:\/\/www.naturalderma.com.br\/index.php\/wp-json\/wp\/v2\/users\/1"}],"replies":[{"embeddable":true,"href":"https:\/\/www.naturalderma.com.br\/index.php\/wp-json\/wp\/v2\/comments?post=66"}],"version-history":[{"count":4,"href":"https:\/\/www.naturalderma.com.br\/index.php\/wp-json\/wp\/v2\/pages\/66\/revisions"}],"predecessor-version":[{"id":337,"href":"https:\/\/www.naturalderma.com.br\/index.php\/wp-json\/wp\/v2\/pages\/66\/revisions\/337"}],"wp:attachment":[{"href":"https:\/\/www.naturalderma.com.br\/index.php\/wp-json\/wp\/v2\/media?parent=66"}],"curies":[{"name":"wp","href":"https:\/\/api.w.org\/{rel}","templated":true}]}}